{"id":9742,"date":"2022-12-12T10:52:14","date_gmt":"2022-12-12T13:52:14","guid":{"rendered":"https:\/\/koplaco.com.br\/?page_id=9742"},"modified":"2022-12-16T22:59:22","modified_gmt":"2022-12-17T01:59:22","slug":"sustentabilidade","status":"publish","type":"page","link":"https:\/\/koplaco.com.br\/index.php\/sustentabilidade\/","title":{"rendered":"Sustentabilidade"},"content":{"rendered":"[blank_spacer height=&#8221;40px&#8221; width=&#8221;1\/1&#8243; el_position=&#8221;first last&#8221;] [divider type=&#8221;thin&#8221; text=&#8221;Go to top&#8221; full_width=&#8221;yes&#8221; width=&#8221;1\/1&#8243; el_position=&#8221;first last&#8221;] [blank_spacer height=&#8221;18px&#8221; width=&#8221;1\/1&#8243; el_position=&#8221;first last&#8221;] [spb_text_block title=&#8221;Better Cotton Initiative&#8221; icon=&#8221;fas fa-tint&#8221; pb_margin_bottom=&#8221;no&#8221; pb_border_bottom=&#8221;no&#8221; width=&#8221;1\/3&#8243; el_position=&#8221;first&#8221;]\n<p><span class=\"JsGRdQ\">Todas as malhas possuem certificado BCI (Better Cotton Initiative). <\/span><\/p>\n<p><span class=\"JsGRdQ\">Uma organiza\u00e7\u00e3o mundial em busca de uma maneira de reduzir impactos ambientais e gerar uma cadeia t\u00eaxtil sustent\u00e1vel na produ\u00e7\u00e3o do algod\u00e3o. Conseguimos resultados mais positivos para o meio ambiente do que os obtidos pela produ\u00e7\u00e3o do algod\u00e3o convencional.\u00a0<\/span><\/p>\n[\/spb_text_block] [spb_text_block title=&#8221;Saco Ecol\u00f3gico&#8221; icon=&#8221;fas fa-recycle&#8221; pb_margin_bottom=&#8221;no&#8221; pb_border_bottom=&#8221;no&#8221; width=&#8221;1\/3&#8243;]\n<p><span class=\"JsGRdQ\">Todos os pedidos v\u00e3o com uma sacolinha eco da Kopla.\u00a0<\/span><\/p>\n<p><span class=\"JsGRdQ\">Sacola de algod\u00e3o, ideal para levar em viagens! Al\u00e9m de te ajudar a reduzir o consumo de sacolas pl\u00e1sticas.<\/span><\/p>\n[\/spb_text_block] [spb_text_block title=&#8221;Etiquetas Plant\u00e1veis&#8221; icon=&#8221;fas fa-seedling&#8221; pb_margin_bottom=&#8221;no&#8221; pb_border_bottom=&#8221;no&#8221; width=&#8221;1\/3&#8243; el_position=&#8221;last&#8221;]\n<p><span class=\"JsGRdQ\">Todos os pedidos v\u00e3o com uma etiqueta feita com sementes!<\/span><\/p>\n<p><span class=\"JsGRdQ\">Plante o papel semente de sua etiqueta, cuide e espere germinar lindas margaridas!<\/span><\/p>\n[\/spb_text_block] [spb_column width=&#8221;1\/1&#8243; el_position=&#8221;first last&#8221;] [\/spb_column]\n","protected":false},"excerpt":{"rendered":"<p>[blank_spacer height=&#8221;40px&#8221; width=&#8221;1\/1&#8243; el_position=&#8221;first last&#8221;] [divider type=&#8221;thin&#8221; text=&#8221;Go to top&#8221; full_width=&#8221;yes&#8221; width=&#8221;1\/1&#8243; el_position=&#8221;first last&#8221;] [blank_spacer height=&#8221;18px&#8221; width=&#8221;1\/1&#8243; el_position=&#8221;first last&#8221;] [spb_text_block title=&#8221;Better Cotton Initiative&#8221; icon=&#8221;fas fa-tint&#8221; pb_margin_bottom=&#8221;no&#8221; pb_border_bottom=&#8221;no&#8221; width=&#8221;1\/3&#8243; el_position=&#8221;first&#8221;] Todas as malhas possuem certificado BCI (Better Cotton Initiative). Uma organiza\u00e7\u00e3o mundial em busca de uma maneira de reduzir impactos ambientais e gerar uma cadeia t\u00eaxtil sustent\u00e1vel na produ\u00e7\u00e3o do algod\u00e3o. [&hellip;]<\/p>\n","protected":false},"author":1,"featured_media":9743,"parent":0,"menu_order":0,"comment_status":"closed","ping_status":"closed","template":"","meta":{"om_disable_all_campaigns":false,"_monsterinsights_skip_tracking":false,"_monsterinsights_sitenote_active":false,"_monsterinsights_sitenote_note":"","_monsterinsights_sitenote_category":0,"footnotes":""},"aioseo_notices":[],"_links":{"self":[{"href":"https:\/\/koplaco.com.br\/index.php\/wp-json\/wp\/v2\/pages\/9742"}],"collection":[{"href":"https:\/\/koplaco.com.br\/index.php\/wp-json\/wp\/v2\/pages"}],"about":[{"href":"https:\/\/koplaco.com.br\/index.php\/wp-json\/wp\/v2\/types\/page"}],"author":[{"embeddable":true,"href":"https:\/\/koplaco.com.br\/index.php\/wp-json\/wp\/v2\/users\/1"}],"replies":[{"embeddable":true,"href":"https:\/\/koplaco.com.br\/index.php\/wp-json\/wp\/v2\/comments?post=9742"}],"version-history":[{"count":14,"href":"https:\/\/koplaco.com.br\/index.php\/wp-json\/wp\/v2\/pages\/9742\/revisions"}],"predecessor-version":[{"id":9904,"href":"https:\/\/koplaco.com.br\/index.php\/wp-json\/wp\/v2\/pages\/9742\/revisions\/9904"}],"wp:featuredmedia":[{"embeddable":true,"href":"https:\/\/koplaco.com.br\/index.php\/wp-json\/wp\/v2\/media\/9743"}],"wp:attachment":[{"href":"https:\/\/koplaco.com.br\/index.php\/wp-json\/wp\/v2\/media?parent=9742"}],"curies":[{"name":"wp","href":"https:\/\/api.w.org\/{rel}","templated":true}]}}